+ 46*n - 15. What is the units digit of v(z)?
4
Let m = 54 + 178. What is the hundreds digit of m?
2
Let c = -1959 - -4082. Suppose 4*d + 7*d - c = 0. What is the units digit of d?
3
Suppose 3*w = 4*l + 7*w + 632, 5*l + 798 = 3*w. Let u = 380 + l. What is the hundreds digit of u?
2
Let n = 1257 + -402. What is the tens digit of n?
5
Let q be 0 - 1/(2*4/40). Let a be (-56)/(-6) + (-1)/3. Let y = a + q. What is the units digit of y?
4
Suppose -f + 8 = 1. Let q(t) be the third derivative of t**4/8 + 4*t**3/3 - t**2. What is the tens digit of q(f)?
2
Let l(z) = z**2 - z - 12. Let q(s) = s**2 - 4*s - 11. Let g be q(-3). What is the tens digit of l(g)?
7
Suppose 0*v = -2*v + 10. Suppose -i + 36 = -4*g, -4*g + 180 = v*i - 0*g. What is the tens digit of i?
3
Let f = -131 + 207. What is the units digit of f?
6
Let g(n) = 78*n + 46. Let k(q) = -39*q - 22. Let x(l) = -4*g(l) - 9*k(l). What is the hundreds digit of x(4)?
1
Let s(t) = t**3 - t**2 + t - 1. Let c(l) = -7*l**3 + 18*l**2 - 4*l + 14. Let h(f) = c(f) + 6*s(f). What is the tens digit of h(12)?
3
What is the tens digit of (-901)/(-2)*3 + 49/(-98)?
5
Let l(d) = -2*d**3 - 4*d**2 - d - 3. Let b be l(-4). Let t(r) = -r**3 + 5*r**2 + 13*r - 15. Let i be t(6). Let y = b - i. What is the units digit of y?
8
Suppose 2*u = 3*v - 23 + 6, -4*u - 13 = v. What is the hundreds digit of (-3640)/(-20) + (-1 - v)?
1
Let d be ((-48)/7)/(8/(-196)). Suppose -5*j = -7*j - d. Let p = -46 - j. What is the tens digit of p?
3
Let l = -309 + 178. Let g = -88 - l. What is the tens digit of g?
4
Let b be -6*12/(-27)*-21. What is the tens digit of -7 + 12 - (b - -1)?
6
What is the tens digit of 38/(-133) + 17562/21?
3
Let q = 36 - 34. Let r be (1 - q) + -1 - 3. Let z(n) = -n**3 - 5*n**2 - 4*n - 1. What is the tens digit of z(r)?
1
Let x(a) = a**2 - 5*a - 8. Let r be x(6). What is the units digit of (-15813)/(-105) + r/(-5) + 0?
1
Let n(q) = -q**3 + 9*q**2 - 6*q - 9. Let l be n(8). Suppose 8*g - 43 = l*g. What is the units digit of g?
3
What is the units digit of 41/(-123) + 3949/3?
6
Let t(v) = 2*v**3 - 12*v**2 - 10*v + 8. What is the tens digit of t(8)?
8
Suppose -w = 106 - 110. Let l = 0 + 3. Suppose -w*b - 2*f - l*f + 36 = 0, -f + 45 = 5*b. What is the units digit of b?
9
Suppose -3*j = -g + 203, -4*g + 4*j + 232 = -588. What is the tens digit of g?
0
Let i(j) = -11*j - 11. Let d be ((-8)/8)/((-2)/(-14)). What is the units digit of i(d)?
6
Suppose 5*c - 7*c = -36. Suppose 0 = 2*b - c. What is the units digit of b?
9
Let q = -15 + 17. Let a(d) = 2*d**2 - d - 2. Let n be a(q). Suppose 3*m - 23 = -2*y - 0*y, -3*y + 29 = n*m. What is the units digit of m?
1
Let r = -715 + 1414. What is the tens digit of r?
9
Let f(a) = a**2 - 9*a + 11. Let y = 2 + 3. Let o be f(y). What is the tens digit of -3 - (o/(-3) - 41)?
3
Suppose t = -4*t. What is the units digit of (-4 - t) + (-561)/(-11)?
7
Let u = -11 + 91. Suppose -4*b + 11 = -5, 5*x - 27 = 2*b. Suppose -2*s - u = -x*s. What is the tens digit of s?
1
Suppose 0 = -2*s - 232 + 582. What is the hundreds digit of s?
1
Suppose -u + 3*w = -3518, 5691 + 8409 = 4*u - 5*w. What is the units digit of u?
0
What is the tens digit of -2 + 2/((-6)/(-795))?
6
Suppose 4*d + 0*d - 16 = 0. Suppose 0 = -d*j - 0*j + 136. What is the tens digit of j?
3
Suppose -3*z = 2*z. Let o(u) be the first derivative of -u**4/4 + u**3/3 - u**2/2 + 36*u + 3. What is the tens digit of o(z)?
3
Let k(w) = -2*w**2 - 33*w - 14. Let m be k(-16). Suppose -j = -m, -2*i = -4*i - 5*j + 216. What is the units digit of i?
3
Suppose 15 = -8*b + 11*b. Suppose -161 = -b*z + 364. What is the tens digit of z?
0
Let q(f) = 45*f**3 + 36*f**2 - 36. Let y(w) = w**3 + w**2 - 1. Let x(m) = q(m) - 36*y(m). What is the tens digit of x(2)?
7
Suppose -2*o - 2*o + 560 = 0. Let j = -94 + o. What is the tens digit of j?
4
Suppose -6*v + 3*v = 0, 0 = 5*u + v - 5280. What is the hundreds digit of u?
0
Let t = 99 + -81. Suppose 24*p - t*p - 198 = 0. What is the units digit of p?
3
Suppose -36*a - 1998 = -39*a. What is the units digit of a?
6
Let c = -2017 - -3061. What is the units digit of c?
4
Let q be (-2)/(-3) + (-112)/24. Let p be (-1 - q/6)*-9. What is the units digit of (p/6)/((-2)/(-168))?
2
Suppose 2*u = u + 4. Suppose 5*n = t - 91, 2*n = u*n + 10. What is the units digit of t?
6
Let l(y) = 11*y - 4. Let h be l(0). What is the tens digit of (-294)/h*(-68)/(-51)?
9
Let g(j) = 2*j**3 - 2*j + 3. Suppose 3*y - 48 = -4*w, 4*w - w + 51 = 5*y. Suppose -l + 2*r = 4*r - y, 0 = -4*r + 20. What is the units digit of g(l)?
5
Let q(h) = -5 - 5 - 2*h + 5 + 9*h. Let a be q(8). Suppose 3*i - 9 = 0, -3*w + 5*i = -27 - a. What is the units digit of w?
1
Let h(n) be the first derivative of -n**2/2 + 4*n + 11. Let p be h(-15). Let y = p - -40. What is the units digit of y?
9
Let g(u) = -3*u + 13. Let y be g(4). What is the tens digit of (7/42*3)/(y/230)?
1
What is the units digit of (4/(48/9))/((-51)/(-85068))?
1
Let s be (72/54)/(4/78). Let g(z) = 4*z + 14. What is the tens digit of g(s)?
1
Let a = 228 - -154. Suppose -6*g + a = -14. What is the tens digit of g?
6
Let s(q) = 7*q + 6. Let r(y) = 6*y + 5. Let p(o) = -6*r(o) + 5*s(o). Let i be p(-3). Suppose 5*b = d + 8, -i*b + 4 + 33 = 4*d. What is the units digit of d?
7
Let p be (66/15)/(4/10). Let y = -13 + p. Let z = 10 - y. What is the units digit of z?
2
Suppose -5*o = 4*n + 2, -21 = -3*o + 2*n + 3*n. Let a be 2 + 0 + (o - 5). What is the units digit of ((-1)/2)/(a/12)?
6
Let d be -47 + -3 + -4 + 4. Let n = d - -176. What is the tens digit of n?
2
Let l = -158 - -262. Let h = l + -60. Suppose 0 = 2*y + 16 - h. What is the tens digit of y?
1
Let i(q) = q**3 - 5*q**2 + 6*q - 6. Let m be i(4). Suppose 2*d - 3*c = -m*d + 17, -2*d + 13 = -3*c. What is the units digit of (-2)/2 + d - -16?
7
Let o be 267/(-5) - 6/(-15) - 0. Let j = o - -203. What is the units digit of j?
0
Suppose -2*v = 2*j - 5*j - 140, -v - 5*j = -70. Suppose 5*z - 3*y = -0*y + v, z - 5*y = -8. What is the tens digit of z?
1
Let f be (2/1)/((-9)/54). Let i = -14 - -8. What is the units digit of i/(-10) + f/(-30)?
1
Suppose -5*j + 7*j - 2572 = d, -4*d = -3*j + 3853. What is the thousands digit of j?
1
Let a be (187/(-44))/(2/8). What is the tens digit of a*(-2 - (2 + -1))?
5
Let q(r) = -46*r + 19. Let k(y) = 9*y - 4. Let c(b) = -11*k(b) - 2*q(b). What is the tens digit of c(-9)?
6
Let o(p) = -7*p**3 - 10*p**2 - 75*p + 12. What is the hundreds digit of o(-6)?
6
Suppose 0 = -10*g - 0*g + 5070. What is the units digit of g?
7
Suppose 0 = -622*k + 608*k + 30044. What is the thousands digit of k?
2
What is the tens digit of -5 - (2 - (7 - (-550 + 6)))?
4
What is the tens digit of ((-26)/32*-12)/((-6)/(-16))?
2
Let b be (3 - 40/15)*30. Suppose 3*r + 36 = 5*t + 99, -r + b = 2*t. What is the tens digit of r?
1
Let l = -6251 + 8906. What is the units digit of l?
5
Let o(g) = 24*g - 3. Let m be o(2). Let n be (-5*(5 - 1))/1. Let r = m + n. What is the tens digit of r?
2
Let w(d) = 8*d + 8 - 9*d - 2. What is the units digit of w(-6)?
2
Let c = 40 - 71. Let t = 59 + c. What is the units digit of t?
8
Let s = 96 + -64. What is the units digit of s + (-2)/2 + -3?
8
Let a be (-32)/(-10) + (-17)/85. Let s(v) = v**3 + 6*v**2 + 3*v - 3. What is the tens digit of s(a)?
8
Let j be 2/(-7) - 259/98*-2. Suppose -3*p - 2*d = -57 - 115, 0 = -j*p - 4*d + 284. What is the tens digit of p?
6
Let q(a) = -a**2 - 32*a - 191. What is the units digit of q(-24)?
1
Let d(s) = -47*s + 7. Let i be 3/(2 + 30/(-12)). What is the tens digit of d(i)?
8
Let i(p) be the first derivative of -8*p**5/5 + p**3/6 + p**2/2 + 3*p - 5. Let y(j) be the first derivative of i(j). What is the units digit of y(-1)?
2
Let d(g) be the second derivative of g**5/60 - 5*g**4/12 + 5*g**3/3 + 2*g**2 - 5*g. Let v(c) be the first derivative of d(c). What is the tens digit of v(11)?
2
Let v be 33/(-22) + (-94)/4. Let m = 27 + v. What is the tens digit of -2 + 40 - (0 - m)?
4
Let n(f) = -f**3 - 9*f**2 + 2*f - 5. Suppose 4*a - 2*x + x = -42, a + 16 = 3*x. What is the tens digit of n(a)?
7
Suppose -5*h = -45 - 130. Let w = -34 + h. What is the units digit of w?
1
Let o be (-18)/27 - (-232)/6. What is the units digit of ((-2 + 1)*o)/((-2)/4)?
6
What is the hundreds digit of 72/(-6) + 12 + (1037 - 0)?
0
Let t